tors of 42707.
7, 6101
List the prime factors of 5011.
5011
List the prime factors of 2602.
2, 1301
List the prime factors of 2625.
3, 5, 7
What are the prime factors of 43911?
3, 7, 17, 41
What are the prime factors of 114740?
2, 5, 5737
List the prime factors of 1279.
1279
What are the prime factors of 96197?
19, 61, 83
List the prime factors of 14952.
2, 3, 7, 89
What are the prime factors of 40903?
40903
What are the prime factors of 1191?
3, 397
What are the prime factors of 6408?
2, 3, 89
List the prime factors of 52072.
2, 23, 283
What are the prime factors of 30592?
2, 239
What are the prime factors of 4235?
5, 7, 11
What are the prime factors of 1685?
5, 337
What are the prime factors of 44247?
3, 7, 43
List the prime factors of 13338.
2, 3, 13, 19
List the prime factors of 751.
751
What are the prime factors of 4838?
2, 41, 59
What are the prime factors of 20347?
20347
List the prime factors of 80.
2, 5
What are the prime factors of 2384?
2, 149
List the prime factors of 16039.
43, 373
What are the prime factors of 15862?
2, 7, 11, 103
What are the prime factors of 46083?
3, 15361
List the prime factors of 6158.
2, 3079
List the prime factors of 6469.
6469
What are the prime factors of 22760?
2, 5, 569
List the prime factors of 17396.
2, 4349
List the prime factors of 1693.
1693
What are the prime factors of 768?
2, 3
List the prime factors of 1018.
2, 509
List the prime factors of 25225.
5, 1009
What are the prime factors of 4088?
2, 7, 73
What are the prime factors of 12639?
3, 11, 383
What are the prime factors of 6996?
2, 3, 11, 53
List the prime factors of 3225.
3, 5, 43
List the prime factors of 9373.
7, 13, 103
What are the prime factors of 9112?
2, 17, 67
List the prime factors of 1436.
2, 359
List the prime factors of 12480.
2, 3, 5, 13
What are the prime factors of 469?
7, 67
List the prime factors of 3136.
2, 7
List the prime factors of 1205.
5, 241
List the prime factors of 1107.
3, 41
List the prime factors of 14557.
14557
What are the prime factors of 45194?
2, 59, 383
List the prime factors of 8120.
2, 5, 7, 29
List the prime factors of 2818.
2, 1409
List the prime factors of 32632.
2, 4079
What are the prime factors of 4373?
4373
List the prime factors of 406.
2, 7, 29
List the prime factors of 29979.
3, 3331
What are the prime factors of 2105?
5, 421
What are the prime factors of 30317?
7, 61, 71
What are the prime factors of 360?
2, 3, 5
List the prime factors of 1669.
1669
List the prime factors of 7124.
2, 13, 137
List the prime factors of 13224.
2, 3, 19, 29
List the prime factors of 66475.
5, 2659
What are the prime factors of 1545?
3, 5, 103
What are the prime factors of 1555?
5, 311
What are the prime factors of 1252?
2, 313
What are the prime factors of 56038?
2, 28019
List the prime factors of 2539.
2539
What are the prime factors of 1040?
2, 5, 13
List the prime factors of 55948.
2, 71, 197
What are the prime factors of 646?
2, 17, 19
List the prime factors of 89424.
2, 3, 23
What are the prime factors of 6048?
2, 3, 7
What are the prime factors of 1463?
7, 11, 19
What are the prime factors of 204?
2, 3, 17
What are the prime factors of 4522?
2, 7, 17, 19
What are the prime factors of 10460?
2, 5, 523
What are the prime factors of 5402?
2, 37, 73
What are the prime factors of 2455?
5, 491
List the prime factors of 2639.
7, 13, 29
List the prime factors of 14688.
2, 3, 17
List the prime factors of 6169.
31, 199
List the prime factors of 8138.
2, 13, 313
List the prime factors of 3266.
2, 23, 71
List the prime factors of 92234.
2, 107, 431
What are the prime factors of 7166?
2, 3583
List the prime factors of 1692.
2, 3, 47
What are the prime factors of 135051?
3, 7, 59, 109
List the prime factors of 15111.
3, 23, 73
List the prime factors of 19621.
7, 2803
List the prime factors of 1033.
1033
List the prime factors of 98442.
2, 3, 1823
List the prime factors of 707.
7, 101
What are the prime factors of 902?
2, 11, 41
What are the prime factors of 3449?
3449
List the prime factors of 13360.
2, 5, 167
List the prime factors of 1002.
2, 3, 167
What are the prime factors of 87096?
2, 3, 19, 191
List the prime factors of 3366.
2, 3, 11, 17
List the prime factors of 22605.
3, 5, 11, 137
What are the prime factors of 52985?
5, 10597
What are the prime factors of 896?
2, 7
What are the prime factors of 1450?
2, 5, 29
What are the prime factors of 11219?
13, 863
What are the prime factors of 1567?
1567
What are the prime factors of 14834?
2, 7417
List the prime factors of 78859.
11, 67, 107
List the prime factors of 52412.
2, 13103
List the prime factors of 893.
19, 47
List the prime factors of 14183.
13, 1091
List the prime factors of 938.
2, 7, 67
What are the prime factors of 23703?
3, 7901
What are the prime factors of 130?
2, 5, 13
List the prime factors of 958.
2, 479
What are the prime factors of 2226?
2, 3, 7, 53
What are the prime factors of 2032?
2, 127
List the prime factors of 258.
2, 3, 43
List the prime factors of 130069.
130069
List the prime factors of 266.
2, 7, 19
List the prime factors of 6875.
5, 11
List the prime factors of 124204.
2, 31051
List the prime factors of 21984.
2, 3, 229
List the prime factors of 1676.
2, 419
What are the prime factors of 671?
11, 61
List the prime factors of 790.
2, 5, 79
What are the prime factors of 4931?
4931
What are the prime factors of 10655?
5, 2131
What are the prime factors of 3590?
2, 5, 359
What are the prime factors of 697?
17, 41
What are the prime factors of 61144?
2, 7643
List the prime factors of 57007.
109, 523
List the prime factors of 31023.
3, 383
What are the prime factors of 2120?
2, 5, 53
What are the prime factors of 93?
3, 31
What are the prime factors of 2439?
3, 271
What are the prime factors of 3705?
3, 5, 13, 19
List the prime factors of 26633.
26633
What are the prime factors of 99849?
3, 83, 401
What are the prime factors of 1165?
5, 233
List the prime factors of 702.
2, 3, 13
List the prime factors of 11623.
59, 197
List the prime factors of 6498.
2, 3, 19
List the prime factors of 36002.
2, 47, 383
List the prime factors of 8635.
5, 11, 157
List the prime factors of 2425.
5, 97
What are the prime factors of 333?
3, 37
List the prime factors of 1074.
2, 3, 179
List the prime factors of 2181.
3, 727
What are the prime factors of 90070?
2, 5, 9007
What are the prime factors of 20344?
2, 2543
List the prime factors of 289.
17
List the prime factors of 9399.
3, 13, 241
What are the prime factors of 5151?
3, 17, 101
What are the prime factors of 1845?
3, 5, 41
What are the prime factors of 401?
401
List the prime factors of 6360.
2, 3, 5, 53
List the prime factors of 1158.
2, 3, 193
List the prime factors of 106635.
3, 5, 7109
What are the prime factors of 5495?
5, 7, 157
What are the prime factors of 49542?
2, 3, 23, 359
What are the prime factors of 104871?
3, 13, 2689
What are the prime factors of 19219?
19219
What are the prime factors of 17666?
2, 11, 73
What are the prime factors of 3211?
13, 19
List the prime factors of 16388.
2, 17, 241
List the prime factors of 1858.
2, 929
What are the prime factors of 2557?
2557
What are the prime factors of 4314?
2, 3, 719
List the prime factors of 1745.
5, 349
List the prime factors of 104825.
5, 7, 599
List the prime factors of 8596.
2, 7, 307
List the prime factors of 13376.
2, 11, 19
What are the prime factors of 20050?
2, 5, 401
List the prime factors of 10280.
2, 5, 257
What are the prime factors of 13323?
3, 4441
List the prime factors of 3475.
5, 139
List the prime factors of 3731.
7, 13, 41
List the prime factors of 624.
2, 3, 13
What are the prime factors of 18728?
2, 2341
What are the prime factors of 1386?
2, 3, 7, 11
What are the prime factors of 1617?
3, 7, 11
What are the prime factors of 651?
3, 7, 31
What are the prime factors of 5501?
5501
What are the prime factors of 604?
2, 151
What are the prime factors of 8390?
2, 5, 839
List the prime factors of 41860.
2, 5, 7, 13, 23
What are the prime factors of 1966?
2, 983
List the prime factors of 86397.
3, 31, 929
What are the prime factors of 505?
5, 101
What are the prime factors of 6134?
2, 3067
What are the prime factors of 201?
3, 67
What are the prime factors of 66283?
7, 17, 557
What are the prime factors of 3041?
3041
Li